 the units digit of n?
2
Let i = -101 - -191. Suppose -5*n + 0*n + i = 0. What is the units digit of n?
8
Let x = -178 + 255. What is the tens digit of x?
7
Let v = -239 + 347. What is the tens digit of v?
0
Let b(f) = -f**2 + 9*f - 9. Let o(s) = -2*s**2 + 17*s - 17. Let q(d) = 5*b(d) - 3*o(d). What is the units digit of q(5)?
1
Let u be 8/(-24) - 139/(-3). Let v = -11 + u. What is the tens digit of v?
3
Let z be 1 + -2 + 3 + -6. What is the units digit of 80/(-28)*14/z?
0
Let v(u) = u**3 + 11*u**2 + 13*u + 10. What is the tens digit of v(-8)?
9
Suppose 2*v + 12 = 5*g - g, 0 = 5*v - 20. Suppose -b - 76 = -g*h + 26, 3*b - 93 = -4*h. Let n = h + -15. What is the units digit of n?
6
Let b(q) = 2*q - 1. Let j be b(-6). Let f = -10 - j. Suppose g = f*g - 2. What is the units digit of g?
1
Let x(w) = -w**2 - 2. Let y be x(-2). Let d = 4 - y. What is the tens digit of d?
1
Let b be (12/(-8))/((-2)/4). Suppose -3*x = 3*l - 0*l - 15, b*x + 3 = 3*l. Suppose -2*o - 2*m = -6*m + 10, -m + 6 = l*o. What is the units digit of o?
1
Suppose -2*h = 155 - 483. What is the units digit of h?
4
Let p(s) = 3*s**2 + s - 2. What is the units digit of p(-3)?
2
Suppose -s + 6 = s - 3*t, 9 = 3*s - 3*t. Let x = -2 + s. What is the units digit of x - -4 - 1/(-1)?
6
Suppose -16*y = -1528 - 1448. What is the units digit of y?
6
Suppose -4*h - h = -150. What is the tens digit of h?
3
Suppose 2*v + 43 = 115. What is the units digit of v?
6
Suppose -2*c = -1 - 9. Let q(l) = 2*l**2 - 6*l + 1. What is the tens digit of q(c)?
2
Let c(f) = -54*f + 3. What is the tens digit of c(-1)?
5
What is the units digit of -3 + (146 - (-5)/(-5))?
2
Suppose -n - 55 = -6*n. Let b = n + -2. What is the units digit of b?
9
Suppose 7 + 13 = 5*b. Suppose 2*s + 2*f + b = 0, -f - 6 - 1 = -4*s. What is the units digit of s?
1
Suppose -p + 163 = 17. What is the tens digit of p?
4
Let l(w) = w**3 - 16*w**2 - 12*w + 11. What is the units digit of l(17)?
6
Let i(t) = 1 - 2 + 22*t**2 + 2 - 2*t. Let z be i(2). Suppose z = 2*f + 3*f. What is the units digit of f?
7
Suppose h - 6*h + 560 = 0. What is the tens digit of h?
1
Let p = 16 - -8. Suppose z + 2*z = p. What is the units digit of z?
8
Let k = -9 - 6. Let q = 10 - 31. Let m = k - q. What is the units digit of m?
6
Let s = -1 + 2. Suppose 4*x + 8 = -4*j, -5*x - 10 = -2*j + 4*j. Let o = s + j. What is the units digit of o?
1
Let q(b) = b**3 - 4*b**2 - 3*b - 9. What is the units digit of q(6)?
5
Suppose 8*l = 3*l + 105. Suppose 2 = -a + o, -o - l = -2*a - 4*o. Suppose -4*c = -5*f + 46, 0 = -2*f - 4*c - a - 1. What is the units digit of f?
6
Suppose 4*y + 5*q = 69, q + 8 - 57 = -4*y. What is the units digit of y?
1
Let i be (-2 + 0)/2 - -1. Let n(p) = p + 1. Let b be n(i). What is the units digit of -2 - -12 - (3 - b)?
8
Let w be (8/(-4) + 1)*-47. Let j = w - 12. What is the tens digit of j?
3
Let a = 6 + -3. Let i = 2 - 2. Suppose i = r + 2 - a. What is the units digit of r?
1
Let g be 9/(-4) + (-2)/(-8). Let f be (-3)/12*g*0. Suppose f = m - q, -24 = -2*m - 2*m - 4*q. What is the units digit of m?
3
Let b(z) = 2*z**2 + 10*z + 7. Suppose -9 = x - 3. What is the tens digit of b(x)?
1
Suppose -2*k + 24 = 2*b, -b - 3*k + 7 = -15. Let g = 11 - b. Suppose -f - f = -g. What is the units digit of f?
2
Let c = -1 + 3. Suppose -c*n + 35 = 13. What is the units digit of n?
1
Let w be 8/5*5/2. Suppose -6 - 3 = -w*s + 3*v, -s - 3*v + 21 = 0. What is the units digit of s?
6
Let d(h) = h**3 - 17*h**2 + h + 24. Suppose -3*n + 3 = 0, 3*r + n - 55 = -3*n. What is the units digit of d(r)?
1
Let r = -251 - -355. What is the hundreds digit of r?
1
What is the units digit of (95/10)/((-2)/(-4))?
9
Let i(z) = 2*z**2 + 9*z + 21. What is the tens digit of i(-4)?
1
What is the units digit of 4*2/24*36?
2
Suppose 7 = 3*u - 2. Let t(p) = 2*p + 6*p**2 + 0*p**2 - p**3 - 7 + 0*p**u. What is the units digit of t(6)?
5
Suppose -2 = 2*r + r + 2*h, 5*r - h = 1. Suppose p + 2*u + r*u - 16 = 0, 5*p - 92 = 2*u. Let s = p - 12. What is the units digit of s?
6
What is the units digit of 23*(5 - 3) + -2?
4
Let d = -6 + 11. Suppose 5*b - 20 = d*u, 5*u + 0*b + 5*b - 20 = 0. Suppose -3 = r, -k - r + 4 = -u*r. What is the units digit of k?
7
Suppose -4*f - 2*s - 1 = -5, 3*f - 3*s - 12 = 0. Suppose -f*i = 2*z + i + 8, -18 = -5*z + 2*i. What is the units digit of z?
2
Let n(g) = 8*g**2. Let h = -7 - -8. What is the units digit of n(h)?
8
Suppose 0 = -t - 3 + 8. Suppose f + 24 = -t. What is the units digit of 4/(-6) - f/3?
9
Suppose 2 + 0 = -2*z. Let f(n) = -25*n**3 - n**2 + n + 1. Let h be f(z). Suppose -3*r - h = -5*s, -4*s - 4*r + 32 = -0*r. What is the units digit of s?
6
Suppose 0 = -2*w + 3*w - n - 10, -5*w = n - 32. Let s = 17 - w. What is the tens digit of s?
1
Let j(n) = 4*n**2 + 5*n - 16. What is the tens digit of j(7)?
1
Let x(a) = a**2 + 7*a + 8. Let u be x(-6). Suppose 0*l = u*l - 18. What is the units digit of l?
9
Let r(c) = c**3 + 5*c**2 - 2*c + 1. What is the tens digit of r(-3)?
2
Let q = 40 + -27. What is the units digit of q?
3
Let c be 1*(-5 + 2 + -2). Let z = 8 + c. What is the units digit of z?
3
Suppose l - 40 = 3*a + 32, -4*a - 148 = -2*l. What is the tens digit of l?
7
Suppose 0 = z - 2*r - 47, -r + 41 = -3*z + 4*z. What is the units digit of z?
3
What is the tens digit of ((-6)/10)/(2 + 622/(-310))?
9
Let c = 31 - 4. What is the tens digit of c?
2
Let j = 28 + -18. Suppose g = 3*g - j. Suppose 2*v + 12 = g*v. What is the units digit of v?
4
Let q = 2 + 0. Suppose -5*f = -q*c + 27, c - 2*f = 3 + 11. What is the units digit of c?
6
Suppose 1206 = 17*w - 11*w. What is the units digit of w?
1
Let l = -35 + 36. What is the units digit of l?
1
Suppose 5*u = 5*o - 80, 0 = -u + 5 - 0. What is the tens digit of o?
2
Let t(b) = -b**2 + 5*b - 1. Let p be t(4). Suppose y - p*s = 14, 3*y - 5*s = 44 - 14. What is the units digit of y?
5
Let w(s) = -s**2 - 12*s + 12. What is the tens digit of w(-9)?
3
Let i be (-6)/9*(7 + -1). Let m(w) = w**2 + w + 2. What is the tens digit of m(i)?
1
Let q(d) = d - 1. Suppose -9 = -3*k + 3*p, -2*k = 2*k - p - 15. Let o be q(k). What is the units digit of (o/(-6))/(1/(-16))?
8
Let u be (1 + -1)/(0 - 2). Suppose -i = 3*i. Suppose -2*f + u*f + 10 = i. What is the units digit of f?
5
Let h = 57 + -25. Let r = -19 + h. What is the units digit of r?
3
What is the units digit of 23*(-4)/(-8)*2?
3
Let h = 11 - 3. Let g be (-2 - -6)/(2/3). What is the tens digit of h/(-10)*(g - 21)?
1
Let f = 32 - 30. Suppose -b + 2 = f*w, b - 55 = -4*b + 5*w. What is the units digit of b?
8
Let r(u) be the first derivative of u**4/4 + 5*u**3/3 - 1. Let m be r(-5). Suppose 3*n + 5*z - 34 = m, 2*n + 4*z - 3 = 21. What is the units digit of n?
8
Let o(h) = 11*h**2 + 2*h + 1. Let i be o(-1). Let p = i - 6. Suppose 0 = b - g - 8, 2*b - 14 = b + p*g. What is the units digit of b?
6
Suppose -l = -1 - 25. What is the units digit of l?
6
Suppose -3*w - 3*p + 24 = 0, -4*p = 8 - 28. Suppose -w = -b - 1. What is the units digit of b?
2
Let v be (-27)/6 + (-2)/(-4). Let z(o) = -o**2 - 4*o + 1. What is the units digit of z(v)?
1
Let s = 12 + -8. Suppose -35 = -s*n + 5. What is the tens digit of n?
1
Let w(k) = -k**3 + 6*k**2 - 4*k. Let q be (1 - 4 - 1)*-1. What is the units digit of w(q)?
6
Suppose 2*n + 2*n = 0. Suppose n = -4*w + w + 6. What is the units digit of w?
2
Let u be 4/(-3)*(-45)/(-6). Let l = 14 - 30. Let p = u - l. What is the units digit of p?
6
Let t = 105 + -68. What is the units digit of t?
7
Suppose 4 = 2*q - 2. Suppose -4*t + q*t = 23. Let w = t - -32. What is the units digit of w?
9
Let n(h) = -2*h**3 + 4*h**2 - h - 2. Let t be n(2). Let i be 30/t*(-12)/(-9). Let z(w) = -w**3 - 10*w**2 - w - 4. What is the units digit of z(i)?
6
What is the tens digit of 7*(2 - 200/(-35))?
5
Let t be (-320)/(-56) - 2/(-7). Let m be 45/t - (-2)/4. Let u(l) = -l**3 + 8*l**2 + 3*l - 11. What is the units digit of u(m)?
3
Suppose 2*w - 4*u + 13 + 7 = 0, 3*u - 15 = 2*w. Suppose w = s + s - 56. Let h = s - 15. What is the tens digit of h?
1
Let y = -4 + 3. Let w be 1 - y - (6 - 6). Suppose 2*h + w*z + 2 = -2*h, -h - 5*z = 23. What is the units digit of h?
2
What is the tens digit of 7/((-4)/(-24) - (-13)/(-114))?
3
Suppose 0*w + w - 301 = -u, -598 = -2*u - 4*w. What is the units digit of u?
3